) = -5*u**2 + 5*u. Let w(y) = -6*y**2 + 3*y - 1. Let o(v) = v. Let a(s) = -3*o(s) - w(s). Let z(l) = -4*a(l) - 5*q(l). Give z(4).
8
Let y = 16 - 11. Suppose -y*t - 4*h = 7, 4*t + 10 = -2*h + h. Let s(i) be the second derivative of -i**3/6 - 5*i**2/2 + 3*i. Give s(t).
-2
Let x = -3 + 5. Let v(o) = -3 + 4*o**3 - 2*o**3 + x + 2. Give v(-1).
-1
Let m(s) be the first derivative of -s**2/2 - s - 46. What is m(3)?
-4
Suppose n = -1 - 1. Let r be -5*(n + 27/15). Let k(o) = -5*o**3 - 2*o + 1. Give k(r).
-6
Suppose -3*p = d + 13, 3*d - 15 + 6 = 3*p. Let s be (-4)/(p*2)*0. Let j(z) = -z**3 - z + 7. Calculate j(s).
7
Let b(v) = 5*v. Let f(t) = 9*t. Let z(o) = 2*o - 8. Let m be z(6). Let u(x) = m*f(x) - 7*b(x). Determine u(-4).
-4
Let x(f) = f**3 - 5 - f**2 - 9*f + 7*f**2 - 2*f**2 + 7*f. What is x(-4)?
3
Let l(i) = i**3 - 13*i**2 - 8*i + 1. Let z(p) = p**3 - 12*p**2 - 9*p + 2. Let j(a) = 2*l(a) - 3*z(a). What is j(11)?
-4
Let b(s) be the first derivative of -s**4/4 + 8*s**3/3 - 3*s**2 + s - 7. Calculate b(7).
8
Let k(l) = -2*l - 2 + 4*l + 6 - 1. Suppose 0 = 2*c + c - 5*d - 4, -5*c - 2 = -4*d. Let r be 5/c + (-7)/14. Give k(r).
-3
Let v(q) be the third derivative of -q**6/120 - q**5/12 - q**4/8 + 2*q**3/3 + 2*q**2. Suppose -4*j - 3 - 9 = 0. Calculate v(j).
-5
Let t(s) = -2*s - 9*s + 5*s + 1. Give t(1).
-5
Let k = -9 + 3. Let c = -3 - k. Let g(y) = -y**c - y**2 - 4 + 3*y + 2*y**2 + 2*y**2 - y**2. What is g(3)?
-4
Let u(x) = 1 + 4*x + 6*x + 0*x**3 - 16*x**2 + x**3 + 26*x**2. Give u(-9).
-8
Let u(j) = 5*j**3 + 14*j**2 + 5*j - 25. Let o be (-9)/6*(-2)/3. Let l(x) = -2*x**3 + x**3 + 6 - x - 3*x**2 - o. Let s(d) = -11*l(d) - 2*u(d). What is s(-4)?
7
Let l(p) = p + 2 - p - p. Suppose f + 4*h - 1 = 0, f - h = 3 - 12. Let i(k) = k - 2. Let c(d) = f*l(d) - 6*i(d). Give c(4).
2
Suppose 3*x + 5 + 1 = 0. Let s(w) be the second derivative of -w**4/12 + w**3/6 + w**2 + 2*w. Calculate s(x).
-4
Let a = -3 - -8. Suppose 3 + a = 4*d. Suppose -2*t = -t - d. Let b(w) = w**3 - 4*w + 3. What is b(t)?
3
Let m(g) be the second derivative of -g**3/6 + 5*g**2/2 - 41*g. Calculate m(4).
1
Let d(k) = 6*k. Let p(l) = 85*l. Let x(r) = -55*d(r) + 4*p(r). What is x(-1)?
-10
Suppose -5 = 3*d + 4*v + 14, 8 = 4*v. Let g = d - -19. Let l be 6*(g/4 + -2). Let x(h) = -h + 6. Determine x(l).
3
Let a(u) be the second derivative of -u**5/20 - u**4/6 - u**3/6 - u**2 - 39*u. Suppose -16 = 5*d + 9. Let j = d - -3. Determine a(j).
0
Let s(u) = -2*u - 30. Let m be s(-14). Let j(k) be the first derivative of k**4/4 + k**3/3 + k**2/2 - k - 1. What is j(m)?
-7
Let a(u) = 3*u**3 - 11*u**2 + 3*u - 7. Let f(s) = -2*s**3 + 6*s**2 - s + 4. Let l(h) = -3*a(h) - 5*f(h). What is l(-4)?
1
Let i(d) = -2*d**2 - 2*d**3 + 2*d + 13 - 13. Let s be (-2)/(24/18) + 2/(-4). Give i(s).
4
Let i(q) be the third derivative of -q**5/60 + q**4/6 + 2*q**3/3 - 3*q**2. Suppose -5*t + 6 = -4*r, 2*t + 8 = 4. Let a be 2/3*(-18)/r. Calculate i(a).
7
Let z(g) be the first derivative of -g**2 - 5*g - 18. What is z(-4)?
3
Let y(f) = f**3 + 3*f**2 + f. Let a be -6 + 0 + 8 + -4. Calculate y(a).
2
Let p(g) = 2*g + 1. Let f(t) = 3*t + 1. Let w(a) = -5*f(a) + 7*p(a). Calculate w(3).
-1
Let u(r) be the second derivative of r**8/6720 - r**7/504 - r**6/360 + r**5/60 - r**4/4 - 4*r. Let l(k) be the third derivative of u(k). Give l(5).
-8
Let k(m) = 5*m**2 - 2*m + 1. Let n(h) = 1 + 8*h + 7*h**2 + h**3 - 2*h**3 - h**3 + h**3. Let w = 15 - 7. Let u be n(w). What is k(u)?
4
Let t be 6 - (-5)/((-5)/3). Let f(j) be the second derivative of -3*j - 1/2*j**2 + 0 - 1/6*j**t. What is f(-5)?
4
Let f(m) = -10*m + 1. Let c(a) = 3*a. Let w(h) = -7*c(h) - 2*f(h). Calculate w(-5).
3
Let t(g) = 6*g - 1. Let c be t(1). Let z(w) = -c - 1 - 1 + 6. Let k(s) = -s**3 - s + 6. Let p(b) = -k(b) - 5*z(b). Calculate p(1).
1
Suppose -2*m + 1 = -3. Suppose 2*k = -j + 6*k + 7, -j = -2*k - 5. Let n(a) = -m + j*a - a + a. Give n(3).
7
Let y(v) = 5*v - v**2 - 1 + 3*v - 14*v. Suppose -3*k - 1 = -3*d + 20, -4*k - 24 = -3*d. Suppose w - d = 2*w. Determine y(w).
7
Suppose -5*y = -2*y. Let g(c) be the second derivative of -c**7/2520 + c**5/20 + c**4/12 + 3*c. Let u(b) be the third derivative of g(b). What is u(y)?
6
Suppose 2*i + 1 = i. Let v(c) = -2*c - 54*c**2 - 1 + 29*c**2 + 24*c**2 - 4*c**3. Give v(i).
4
Let z(q) = 2*q**3 - 2*q**2 - 2*q + 1. Suppose -2*m + 4*m = 22. Let t be 2/m + (-80)/(-44). Calculate z(t).
5
Let y(z) = -z**2 + 8*z + 9. Let w be y(9). Let a(x) = -x - 5. Calculate a(w).
-5
Let a(y) = -y**3 + 5*y**2 + 2*y - 7. Let i(t) = t - 3. Let u be i(-7). Let q be u*((-5)/2)/5. Give a(q).
3
Let z be (0 - 1)*-2 - 3. Let x(k) = k + 1. Let f = 0 - -2. Let l(g) = 3*g + 2. Let h(t) = f*x(t) - l(t). Give h(z).
1
Let v(m) = -m**2 + 3*m. Let n(o) = o**2 - 3*o + 1. Let j(q) = 2*n(q) + 3*v(q). Give j(5).
-8
Let l = 2 - 8. Suppose 4*s = 4*t - 36, 0*t + 2*t - 4*s - 26 = 0. Let r(f) = -2*f + 0*f + t*f**2 + f**3 - 6 - 6*f. Give r(l).
6
Let i(v) = -2*v. Suppose 2*y - 8 = -4. Calculate i(y).
-4
Let i = 18 - 4. Let f be (-2)/7 - (-18)/i. Let w(v) be the second derivative of -3*v**4/4 + v**2/2 - v. Determine w(f).
-8
Let k be (-4)/14 + (-68)/7. Let s be 3/(-1) + (-3 - -1). Let u = s - k. Let n(i) = -i**3 + 4*i**2 + 5*i + 4. Calculate n(u).
4
Let h(u) = u**2 + 8*u + 5. Let q(i) = -i**2 - 3*i + 3. Let p be q(2). Give h(p).
-2
Let p(h) be the third derivative of -1/60*h**5 - 1/12*h**4 + 1/6*h**3 + 0*h + 0 - 3*h**2. Give p(1).
-2
Let f(r) = -r**2 - 10*r + 9. Let p be f(-11). Let x(z) be the third derivative of z**6/120 + z**5/60 + z**4/12 - z**3/6 + z**2. Give x(p).
-9
Let b(v) be the second derivative of -v**3/6 + v**2 + v. Let a be b(2). Let p(x) = -x**3 - x - 8. Calculate p(a).
-8
Let n(j) = 2 - 2 + 98*j**3 - j - 99*j**3 + 2*j**2. Let r = 4 - 3. Determine n(r).
0
Let i(j) = j**2 + 8*j + 7. Let f be i(-7). Let q(r) = 1 + 4 - r**3 - 3*r**2 + 2*r**2 - r. Determine q(f).
5
Let t be (-2)/4*6 - -3. Let v be 2/4*t/3. Let g(k) = k - 4. Give g(v).
-4
Let c = -5 - -8. Let j(l) = -2*l - 3*l**2 + 5*l**2 + c*l + 0*l**2. Calculate j(-2).
6
Let n(p) = p + 12. Let u be n(-10). Let v(s) be the second derivative of -1/12*s**4 - 3/20*s**5 - 1/2*s**u + 0 - 3*s - 1/3*s**3. Give v(-1).
3
Let d be 4/(144/20)*3. Let s(w) be the first derivative of 2 + d*w**3 - 1/4*w**4 - 3*w - 3/2*w**2. Calculate s(4).
1
Let l(z) = -z**2 + 3*z + 10. Suppose 0 = -5*c, 5*t + 4 = -5*c + 39. Determine l(t).
-18
Let z(b) = b**2 - 6*b - 4. Let v be z(7). Let u(s) = -s - 5*s**2 + s**2 - v + 5*s**2. Determine u(-3).
9
Let t(g) = 8*g**3 - g**2 + g - 1. Let n be 8/(-12)*6/(-4). Give t(n).
7
Let s(i) be the third derivative of 0 - 1/24*i**4 + 0*i - 1/2*i**3 - i**2. Calculate s(0).
-3
Let f(p) = p**2 + 2*p - 3. Let u be (4/34 - (-33)/153)*-15. What is f(u)?
12
Let m(t) = t**3 + 4*t**2 + 2*t. Let c(w) = w**3. Let j(l) = 2*c(l) - m(l). What is j(5)?
15
Let t = 2 + 1. Let d be 6/3 - 3*-1. Let z(h) = -d*h + t*h + h + 6*h**3. What is z(-1)?
-5
Let k(x) = x**2 - 4*x + 1. Let n be 9 + -6 - 0/(-1). What is k(n)?
-2
Let l(t) = -t + 9. Let f be l(8). Let c = f - 0. Let h(d) be the second derivative of d**5/20 - d**3/6 + d. What is h(c)?
0
Let z(r) = -4*r + 7. Let t(k) = 3*k - 5. Let l(o) = 7*t(o) + 5*z(o). Let u(c) = c + 3. Let j be u(-4). Calculate l(j).
-1
Suppose -2*c + 8 = 4*d, -2 = -3*d + 2*d + c. Suppose 3*r + 3*b + 6 = -0*r, b = -d*r - 2. Let i(s) = s**2 + 6. Determine i(r).
6
Let x(p) be the first derivative of -p**4/4 - p**3 + 5*p**2/2 + 2*p + 7. Calculate x(-4).
-2
Suppose 0*u - u = 0. Let v(i) = 3 + i**2 + 6*i + u*i - 2 - 5. What is v(-6)?
-4
Let a(v) = 6*v**2 - 2*v - 6. Let z(u) = 5*u**2 - u - 5. Let n(r) = 4*a(r) - 5*z(r). Calculate n(2).
-9
Let m = 9 + -24. Let a = 11 + m. Let g(x) = x**2 + 4*x. Give g(a).
0
Let c(q) = q**3 - 6*q**2 + 9*q - 6. Let j(a) = -4*a**3 + 24*a**2 - 37*a + 25. Let w(o) = -9*c(o) - 2*j(o). Determine w(5).
-6
Let t(a) = a**2 + a + 4. Let b(c) = -c. Let f(u) = -6*b(u) - t(u). Suppose -4*o + 45 = 5*k, -2*o = -4*k - 0*k + 10. Calculate f(o).
-4
Let m(u) = -u**2 - 2*u + 3. Let z = -33 - -30. Determine m(z).
0
Let u(o) = -o + 10. Suppose 3*j = -3*z + 33, 2*j - 4*z = 3*j - 26. What is u(j)?
4
Let v(g) = 3*g**2 - 3*g - 1. Let d(i) = i**2 - i. Let q(l) = -2*d(l) + v(l). Determine q(0).
-1
Let i(p) = 5*p**3 - 5*p**2 + 7*p + 11.